{"id":9037,"date":"2025-03-25T09:47:05","date_gmt":"2025-03-25T08:47:05","guid":{"rendered":"https:\/\/rmgroup.es\/barcelona\/producto\/the-wanted-ranger-syrah-botella-750ml-135\/"},"modified":"2026-03-30T09:08:05","modified_gmt":"2026-03-30T07:08:05","slug":"the-wanted-ranger-syrah-botella-750ml-135","status":"publish","type":"product","link":"https:\/\/rmgroup.es\/barcelona\/producto\/the-wanted-ranger-syrah-botella-750ml-135\/","title":{"rendered":"The Wanted Ranger Syrah Botella 750ml 13,5%"},"content":{"rendered":"<p>Color granate intenso, con matices ahumados, cereza negra y viol\u00e1ceos. En boca es con cuerpo, terroso, suave y elegante, con taninos maduros y un final largo y persistente.<br \/>\n VARIEDAD&#8217;:<br \/>\n 93% Syrah, 7% Viognier<br \/>\n ZONA DE ORIGEN:<br \/>\n Las uvas proceden de vi\u00f1as seleccionadas de bajo rendimiento situadas en Apulia.<br \/>\n DENSIDAD Y EDAD DE LAS PLANTAS:<br \/>\n Las vi\u00f1as est\u00e1n conducidas en Guyot y tienen una edad media de 30 a\u00f1os. La densidad de siembra es de 5000 plantas por hect\u00e1rea.<br \/>\n RECOPILACI\u00d3N:<br \/>\n Vendimia manual a principios de septiembre.<br \/>\n VINIFICACI\u00d3N:<br \/>\n Tras el despalillado, la uva no se prensa, permitiendo que la piel permanezca intacta y optimizando la extracci\u00f3n del color durante la maceraci\u00f3n. Las uvas Viognier son las primeras en ser colocadas en los dep\u00f3sitos de fermentaci\u00f3n, seguidas por las Syrah. Esto permite la creaci\u00f3n del \u00absombrero\u00bb formado por una primera capa de uvas Viognier en contacto con el l\u00edquido subyacente. Esto maximiza la extracci\u00f3n de los delicados aromas de esta elegante variedad de uva blanca. Los polifenoles de Viognier tambi\u00e9n son muy \u00fatiles para estabilizar el color del zumo de Syrah. La fermentaci\u00f3n se realiza a temperatura controlada de 23-24\u00b0C durante 10 d\u00edas. En las primeras fases de fermentaci\u00f3n se realizan frecuentes remontados para obtener una suave extracci\u00f3n de delicados aromas y taninos. Despu\u00e9s de la fermentaci\u00f3n el vino se mantiene en contacto con los hollejos durante otros 7-8 d\u00edas para maximizar la extracci\u00f3n de colores y taninos. Despu\u00e9s del trasiego, se a\u00f1aden bacterias malol\u00e1cticas para inducir la degradaci\u00f3n del \u00e1cido m\u00e1lico.<br \/>\n REFINAMIENTO:<br \/>\n El 50% del vino envejece durante 12 meses en barricas nuevas de roble franc\u00e9s y americano.<\/p>\n","protected":false},"excerpt":{"rendered":"<p>Color granate intenso, con matices ahumados, cereza negra y viol\u00e1ceos. En boca es con cuerpo, terroso, suave y elegante, con taninos maduros y un final&#8230;<\/p>\n","protected":false},"featured_media":3343,"comment_status":"closed","ping_status":"open","template":"","meta":{"_joinchat":[]},"etheme_brands":[{"term_id":196,"name":"THE WANTED WINES","slug":"the-wanted-wines","term_group":0,"term_taxonomy_id":196,"taxonomy":"brand","description":"","parent":0,"count":6,"filter":"raw"}],"product_brand":[],"product_cat":[252,253],"product_tag":[118],"class_list":{"0":"post-9037","1":"product","2":"type-product","3":"status-publish","4":"has-post-thumbnail","6":"brand-the-wanted-wines","7":"product_cat-bebidas","8":"product_cat-vinos-bebidas","9":"product_tag-want-the-wanted-wines","10":"pa_unidades-1-unidad","11":"pa_unidades-1-unidad6-unidades","12":"pa_unidades-6-unidades","14":"first","15":"instock","16":"taxable","17":"shipping-taxable","18":"purchasable","19":"product-type-variable"},"yoast_head":"<!-- This site is optimized with the Yoast SEO plugin v27.2 - https:\/\/yoast.com\/product\/yoast-seo-wordpress\/ -->\n<title>The Wanted Ranger Syrah Botella 750ml 13,5% - RMGroup Barcelona<\/title>\n<meta name=\"robots\" content=\"index, follow, max-snippet:-1, max-image-preview:large, max-video-preview:-1\" \/>\n<link rel=\"canonical\" href=\"https:\/\/rmgroup.es\/barcelona\/producto\/the-wanted-ranger-syrah-botella-750ml-135\/\" \/>\n<meta property=\"og:locale\" content=\"es_ES\" \/>\n<meta property=\"og:type\" content=\"article\" \/>\n<meta property=\"og:title\" content=\"The Wanted Ranger Syrah Botella 750ml 13,5% - RMGroup Barcelona\" \/>\n<meta property=\"og:description\" content=\"Color granate intenso, con matices ahumados, cereza negra y viol\u00e1ceos. En boca es con cuerpo, terroso, suave y elegante, con taninos maduros y un final...\" \/>\n<meta property=\"og:url\" content=\"https:\/\/rmgroup.es\/barcelona\/producto\/the-wanted-ranger-syrah-botella-750ml-135\/\" \/>\n<meta property=\"og:site_name\" content=\"RMGroup Barcelona\" \/>\n<meta property=\"article:modified_time\" content=\"2026-03-30T07:08:05+00:00\" \/>\n<meta property=\"og:image\" content=\"https:\/\/rmgroup.es\/barcelona\/wp-content\/uploads\/sites\/2\/2024\/07\/The-Wanted-Ranger-Syrah-Bot.6x750ml.png\" \/>\n\t<meta property=\"og:image:width\" content=\"850\" \/>\n\t<meta property=\"og:image:height\" content=\"850\" \/>\n\t<meta property=\"og:image:type\" content=\"image\/png\" \/>\n<meta name=\"twitter:card\" content=\"summary_large_image\" \/>\n<meta name=\"twitter:label1\" content=\"Tiempo de lectura\" \/>\n\t<meta name=\"twitter:data1\" content=\"1 minuto\" \/>\n<script type=\"application\/ld+json\" class=\"yoast-schema-graph\">{\"@context\":\"https:\/\/schema.org\",\"@graph\":[{\"@type\":\"WebPage\",\"@id\":\"https:\/\/rmgroup.es\/barcelona\/producto\/the-wanted-ranger-syrah-botella-750ml-135\/\",\"url\":\"https:\/\/rmgroup.es\/barcelona\/producto\/the-wanted-ranger-syrah-botella-750ml-135\/\",\"name\":\"The Wanted Ranger Syrah Botella 750ml 13,5% - RMGroup Barcelona\",\"isPartOf\":{\"@id\":\"https:\/\/rmgroup.es\/barcelona\/#website\"},\"primaryImageOfPage\":{\"@id\":\"https:\/\/rmgroup.es\/barcelona\/producto\/the-wanted-ranger-syrah-botella-750ml-135\/#primaryimage\"},\"image\":{\"@id\":\"https:\/\/rmgroup.es\/barcelona\/producto\/the-wanted-ranger-syrah-botella-750ml-135\/#primaryimage\"},\"thumbnailUrl\":\"https:\/\/rmgroup.es\/barcelona\/wp-content\/uploads\/sites\/2\/2024\/07\/The-Wanted-Ranger-Syrah-Bot.6x750ml.png\",\"datePublished\":\"2025-03-25T08:47:05+00:00\",\"dateModified\":\"2026-03-30T07:08:05+00:00\",\"breadcrumb\":{\"@id\":\"https:\/\/rmgroup.es\/barcelona\/producto\/the-wanted-ranger-syrah-botella-750ml-135\/#breadcrumb\"},\"inLanguage\":\"es\",\"potentialAction\":[{\"@type\":\"ReadAction\",\"target\":[\"https:\/\/rmgroup.es\/barcelona\/producto\/the-wanted-ranger-syrah-botella-750ml-135\/\"]}]},{\"@type\":\"ImageObject\",\"inLanguage\":\"es\",\"@id\":\"https:\/\/rmgroup.es\/barcelona\/producto\/the-wanted-ranger-syrah-botella-750ml-135\/#primaryimage\",\"url\":\"https:\/\/rmgroup.es\/barcelona\/wp-content\/uploads\/sites\/2\/2024\/07\/The-Wanted-Ranger-Syrah-Bot.6x750ml.png\",\"contentUrl\":\"https:\/\/rmgroup.es\/barcelona\/wp-content\/uploads\/sites\/2\/2024\/07\/The-Wanted-Ranger-Syrah-Bot.6x750ml.png\",\"width\":850,\"height\":850},{\"@type\":\"BreadcrumbList\",\"@id\":\"https:\/\/rmgroup.es\/barcelona\/producto\/the-wanted-ranger-syrah-botella-750ml-135\/#breadcrumb\",\"itemListElement\":[{\"@type\":\"ListItem\",\"position\":1,\"name\":\"Portada\",\"item\":\"https:\/\/rmgroup.es\/barcelona\/\"},{\"@type\":\"ListItem\",\"position\":2,\"name\":\"Tienda\",\"item\":\"https:\/\/rmgroup.es\/barcelona\/tienda\/\"},{\"@type\":\"ListItem\",\"position\":3,\"name\":\"The Wanted Ranger Syrah Botella 750ml 13,5%\"}]},{\"@type\":\"WebSite\",\"@id\":\"https:\/\/rmgroup.es\/barcelona\/#website\",\"url\":\"https:\/\/rmgroup.es\/barcelona\/\",\"name\":\"RMGroup Barcelona\",\"description\":\"Tienda online de bebidas para empresas y aut\u00f3nomos\",\"publisher\":{\"@id\":\"https:\/\/rmgroup.es\/barcelona\/#organization\"},\"potentialAction\":[{\"@type\":\"SearchAction\",\"target\":{\"@type\":\"EntryPoint\",\"urlTemplate\":\"https:\/\/rmgroup.es\/barcelona\/?s={search_term_string}\"},\"query-input\":{\"@type\":\"PropertyValueSpecification\",\"valueRequired\":true,\"valueName\":\"search_term_string\"}}],\"inLanguage\":\"es\"},{\"@type\":\"Organization\",\"@id\":\"https:\/\/rmgroup.es\/barcelona\/#organization\",\"name\":\"RMGroup Barcelona\",\"url\":\"https:\/\/rmgroup.es\/barcelona\/\",\"logo\":{\"@type\":\"ImageObject\",\"inLanguage\":\"es\",\"@id\":\"https:\/\/rmgroup.es\/barcelona\/#\/schema\/logo\/image\/\",\"url\":\"https:\/\/rmgroup.es\/barcelona\/wp-content\/uploads\/sites\/2\/2024\/06\/logo-rmgroup.svg\",\"contentUrl\":\"https:\/\/rmgroup.es\/barcelona\/wp-content\/uploads\/sites\/2\/2024\/06\/logo-rmgroup.svg\",\"width\":474,\"height\":79,\"caption\":\"RMGroup Barcelona\"},\"image\":{\"@id\":\"https:\/\/rmgroup.es\/barcelona\/#\/schema\/logo\/image\/\"}}]}<\/script>\n<!-- \/ Yoast SEO plugin. -->","yoast_head_json":{"title":"The Wanted Ranger Syrah Botella 750ml 13,5% - RMGroup Barcelona","robots":{"index":"index","follow":"follow","max-snippet":"max-snippet:-1","max-image-preview":"max-image-preview:large","max-video-preview":"max-video-preview:-1"},"canonical":"https:\/\/rmgroup.es\/barcelona\/producto\/the-wanted-ranger-syrah-botella-750ml-135\/","og_locale":"es_ES","og_type":"article","og_title":"The Wanted Ranger Syrah Botella 750ml 13,5% - RMGroup Barcelona","og_description":"Color granate intenso, con matices ahumados, cereza negra y viol\u00e1ceos. En boca es con cuerpo, terroso, suave y elegante, con taninos maduros y un final...","og_url":"https:\/\/rmgroup.es\/barcelona\/producto\/the-wanted-ranger-syrah-botella-750ml-135\/","og_site_name":"RMGroup Barcelona","article_modified_time":"2026-03-30T07:08:05+00:00","og_image":[{"width":850,"height":850,"url":"https:\/\/rmgroup.es\/barcelona\/wp-content\/uploads\/sites\/2\/2024\/07\/The-Wanted-Ranger-Syrah-Bot.6x750ml.png","type":"image\/png"}],"twitter_card":"summary_large_image","twitter_misc":{"Tiempo de lectura":"1 minuto"},"schema":{"@context":"https:\/\/schema.org","@graph":[{"@type":"WebPage","@id":"https:\/\/rmgroup.es\/barcelona\/producto\/the-wanted-ranger-syrah-botella-750ml-135\/","url":"https:\/\/rmgroup.es\/barcelona\/producto\/the-wanted-ranger-syrah-botella-750ml-135\/","name":"The Wanted Ranger Syrah Botella 750ml 13,5% - RMGroup Barcelona","isPartOf":{"@id":"https:\/\/rmgroup.es\/barcelona\/#website"},"primaryImageOfPage":{"@id":"https:\/\/rmgroup.es\/barcelona\/producto\/the-wanted-ranger-syrah-botella-750ml-135\/#primaryimage"},"image":{"@id":"https:\/\/rmgroup.es\/barcelona\/producto\/the-wanted-ranger-syrah-botella-750ml-135\/#primaryimage"},"thumbnailUrl":"https:\/\/rmgroup.es\/barcelona\/wp-content\/uploads\/sites\/2\/2024\/07\/The-Wanted-Ranger-Syrah-Bot.6x750ml.png","datePublished":"2025-03-25T08:47:05+00:00","dateModified":"2026-03-30T07:08:05+00:00","breadcrumb":{"@id":"https:\/\/rmgroup.es\/barcelona\/producto\/the-wanted-ranger-syrah-botella-750ml-135\/#breadcrumb"},"inLanguage":"es","potentialAction":[{"@type":"ReadAction","target":["https:\/\/rmgroup.es\/barcelona\/producto\/the-wanted-ranger-syrah-botella-750ml-135\/"]}]},{"@type":"ImageObject","inLanguage":"es","@id":"https:\/\/rmgroup.es\/barcelona\/producto\/the-wanted-ranger-syrah-botella-750ml-135\/#primaryimage","url":"https:\/\/rmgroup.es\/barcelona\/wp-content\/uploads\/sites\/2\/2024\/07\/The-Wanted-Ranger-Syrah-Bot.6x750ml.png","contentUrl":"https:\/\/rmgroup.es\/barcelona\/wp-content\/uploads\/sites\/2\/2024\/07\/The-Wanted-Ranger-Syrah-Bot.6x750ml.png","width":850,"height":850},{"@type":"BreadcrumbList","@id":"https:\/\/rmgroup.es\/barcelona\/producto\/the-wanted-ranger-syrah-botella-750ml-135\/#breadcrumb","itemListElement":[{"@type":"ListItem","position":1,"name":"Portada","item":"https:\/\/rmgroup.es\/barcelona\/"},{"@type":"ListItem","position":2,"name":"Tienda","item":"https:\/\/rmgroup.es\/barcelona\/tienda\/"},{"@type":"ListItem","position":3,"name":"The Wanted Ranger Syrah Botella 750ml 13,5%"}]},{"@type":"WebSite","@id":"https:\/\/rmgroup.es\/barcelona\/#website","url":"https:\/\/rmgroup.es\/barcelona\/","name":"RMGroup Barcelona","description":"Tienda online de bebidas para empresas y aut\u00f3nomos","publisher":{"@id":"https:\/\/rmgroup.es\/barcelona\/#organization"},"potentialAction":[{"@type":"SearchAction","target":{"@type":"EntryPoint","urlTemplate":"https:\/\/rmgroup.es\/barcelona\/?s={search_term_string}"},"query-input":{"@type":"PropertyValueSpecification","valueRequired":true,"valueName":"search_term_string"}}],"inLanguage":"es"},{"@type":"Organization","@id":"https:\/\/rmgroup.es\/barcelona\/#organization","name":"RMGroup Barcelona","url":"https:\/\/rmgroup.es\/barcelona\/","logo":{"@type":"ImageObject","inLanguage":"es","@id":"https:\/\/rmgroup.es\/barcelona\/#\/schema\/logo\/image\/","url":"https:\/\/rmgroup.es\/barcelona\/wp-content\/uploads\/sites\/2\/2024\/06\/logo-rmgroup.svg","contentUrl":"https:\/\/rmgroup.es\/barcelona\/wp-content\/uploads\/sites\/2\/2024\/06\/logo-rmgroup.svg","width":474,"height":79,"caption":"RMGroup Barcelona"},"image":{"@id":"https:\/\/rmgroup.es\/barcelona\/#\/schema\/logo\/image\/"}}]}},"_links":{"self":[{"href":"https:\/\/rmgroup.es\/barcelona\/wp-json\/wp\/v2\/product\/9037","targetHints":{"allow":["GET"]}}],"collection":[{"href":"https:\/\/rmgroup.es\/barcelona\/wp-json\/wp\/v2\/product"}],"about":[{"href":"https:\/\/rmgroup.es\/barcelona\/wp-json\/wp\/v2\/types\/product"}],"replies":[{"embeddable":true,"href":"https:\/\/rmgroup.es\/barcelona\/wp-json\/wp\/v2\/comments?post=9037"}],"version-history":[{"count":1,"href":"https:\/\/rmgroup.es\/barcelona\/wp-json\/wp\/v2\/product\/9037\/revisions"}],"predecessor-version":[{"id":9656,"href":"https:\/\/rmgroup.es\/barcelona\/wp-json\/wp\/v2\/product\/9037\/revisions\/9656"}],"wp:featuredmedia":[{"embeddable":true,"href":"https:\/\/rmgroup.es\/barcelona\/wp-json\/wp\/v2\/media\/3343"}],"wp:attachment":[{"href":"https:\/\/rmgroup.es\/barcelona\/wp-json\/wp\/v2\/media?parent=9037"}],"wp:term":[{"taxonomy":"brand","embeddable":true,"href":"https:\/\/rmgroup.es\/barcelona\/wp-json\/wp\/v2\/etheme_brands?post=9037"},{"taxonomy":"product_brand","embeddable":true,"href":"https:\/\/rmgroup.es\/barcelona\/wp-json\/wp\/v2\/product_brand?post=9037"},{"taxonomy":"product_cat","embeddable":true,"href":"https:\/\/rmgroup.es\/barcelona\/wp-json\/wp\/v2\/product_cat?post=9037"},{"taxonomy":"product_tag","embeddable":true,"href":"https:\/\/rmgroup.es\/barcelona\/wp-json\/wp\/v2\/product_tag?post=9037"}],"curies":[{"name":"wp","href":"https:\/\/api.w.org\/{rel}","templated":true}]}}