{"id":8965,"date":"2025-03-25T09:46:52","date_gmt":"2025-03-25T08:46:52","guid":{"rendered":"https:\/\/rmgroup.es\/barcelona\/producto\/terre-nero-davola-organic-botella-750ml-14\/"},"modified":"2026-04-01T16:37:55","modified_gmt":"2026-04-01T14:37:55","slug":"terre-nero-davola-organic-botella-750ml-14","status":"publish","type":"product","link":"https:\/\/rmgroup.es\/barcelona\/producto\/terre-nero-davola-organic-botella-750ml-14\/","title":{"rendered":"Terre Nero d&#8217;Avola Organic Botella 750ml 14%"},"content":{"rendered":"<p>Este vino tiene un intenso bouquet de frutas, como cerezas, ciruelas y grosellas negras. En boca es potente e intenso, agradable, con gran profundidad y sabor. Aterciopelado y suave con un final largo y persistente. Perfecto con ricos platos de pasta y guisos de carne.<br \/>\n VARIEDAD:<br \/>\n 100% Nero D&#8217;Avola<br \/>\n ZONA DE ORIGEN:<br \/>\n Las uvas se seleccionan de vi\u00f1edos ecol\u00f3gicos de bajo rendimiento ubicados en Sicilia, en la provincia de Trapani.<br \/>\n DENSIDAD Y EDAD DE LAS PLANTAS:<br \/>\n Las vides est\u00e1n conducidas en Guyot y tienen una edad media de 20-35 a\u00f1os, con una densidad aproximada de 4500 plantas por hect\u00e1rea.<br \/>\n RECOGIDA Y SECADO:<br \/>\n El 20% de la uva se recolecta a mano a mediados de septiembre en peque\u00f1as cajas de unos 5 kg y se deja secar en salas espec\u00edficas denominadas fruteros, dotadas de fuerte ventilaci\u00f3n y humedad controlada, durante un per\u00edodo de 10 a 15 d\u00edas. El resto de la uva se beneficia de una vendimia tard\u00eda de 10 a 15 d\u00edas y luego se vinifican las dos partes juntas.<br \/>\n VINIFICACI\u00d3N:<br \/>\n Tras el despalillado, la uva no se prensa. Esto permite mantener la piel intacta, optimizando la extracci\u00f3n del color durante la maceraci\u00f3n. La fermentaci\u00f3n se realiza a una temperatura controlada de 23-25\u00b0C durante 8-10 d\u00edas. En las primeras etapas de fermentaci\u00f3n se realizan frecuentes remontados y delestages para obtener una suave extracci\u00f3n de aromas y taninos. Tras el trasiego se a\u00f1aden bacterias malol\u00e1cticas para inducir la fermentaci\u00f3n malol\u00e1ctica.<br \/>\n ENVEJECIMIENTO:<br \/>\n El 20% del vino envejece durante 4-5 meses en barricas de roble americano de segundo y tercer paso.<\/p>\n","protected":false},"excerpt":{"rendered":"<p>Este vino tiene un intenso bouquet de frutas, como cerezas, ciruelas y grosellas negras. En boca es potente e intenso, agradable, con gran profundidad y&#8230;<\/p>\n","protected":false},"featured_media":3336,"comment_status":"closed","ping_status":"open","template":"","meta":{"_joinchat":[]},"etheme_brands":[{"term_id":194,"name":"TERRE DI FAIANO WINES","slug":"terre-di-faiano-wines","term_group":0,"term_taxonomy_id":194,"taxonomy":"brand","description":"","parent":0,"count":3,"filter":"raw"}],"product_brand":[],"product_cat":[252,253],"product_tag":[115],"class_list":{"0":"post-8965","1":"product","2":"type-product","3":"status-publish","4":"has-post-thumbnail","6":"brand-terre-di-faiano-wines","7":"product_cat-bebidas","8":"product_cat-vinos-bebidas","9":"product_tag-terre-terre-di-faiano-wines","10":"pa_unidades-1-unidad","11":"pa_unidades-1-unidad6-unidades","12":"pa_unidades-6-unidades","14":"first","15":"instock","16":"taxable","17":"shipping-taxable","18":"purchasable","19":"product-type-variable"},"yoast_head":"<!-- This site is optimized with the Yoast SEO plugin v27.2 - https:\/\/yoast.com\/product\/yoast-seo-wordpress\/ -->\n<title>Terre Nero d&#039;Avola Organic Botella 750ml 14% - RMGroup Barcelona<\/title>\n<meta name=\"robots\" content=\"index, follow, max-snippet:-1, max-image-preview:large, max-video-preview:-1\" \/>\n<link rel=\"canonical\" href=\"https:\/\/rmgroup.es\/barcelona\/producto\/terre-nero-davola-organic-botella-750ml-14\/\" \/>\n<meta property=\"og:locale\" content=\"es_ES\" \/>\n<meta property=\"og:type\" content=\"article\" \/>\n<meta property=\"og:title\" content=\"Terre Nero d&#039;Avola Organic Botella 750ml 14% - RMGroup Barcelona\" \/>\n<meta property=\"og:description\" content=\"Este vino tiene un intenso bouquet de frutas, como cerezas, ciruelas y grosellas negras. En boca es potente e intenso, agradable, con gran profundidad y...\" \/>\n<meta property=\"og:url\" content=\"https:\/\/rmgroup.es\/barcelona\/producto\/terre-nero-davola-organic-botella-750ml-14\/\" \/>\n<meta property=\"og:site_name\" content=\"RMGroup Barcelona\" \/>\n<meta property=\"article:modified_time\" content=\"2026-04-01T14:37:55+00:00\" \/>\n<meta property=\"og:image\" content=\"https:\/\/rmgroup.es\/barcelona\/wp-content\/uploads\/sites\/2\/2024\/07\/Terre-Nero-dAvola-Organic-Bot.6x750ml.png\" \/>\n\t<meta property=\"og:image:width\" content=\"850\" \/>\n\t<meta property=\"og:image:height\" content=\"850\" \/>\n\t<meta property=\"og:image:type\" content=\"image\/png\" \/>\n<meta name=\"twitter:card\" content=\"summary_large_image\" \/>\n<meta name=\"twitter:label1\" content=\"Tiempo de lectura\" \/>\n\t<meta name=\"twitter:data1\" content=\"1 minuto\" \/>\n<script type=\"application\/ld+json\" class=\"yoast-schema-graph\">{\"@context\":\"https:\/\/schema.org\",\"@graph\":[{\"@type\":\"WebPage\",\"@id\":\"https:\/\/rmgroup.es\/barcelona\/producto\/terre-nero-davola-organic-botella-750ml-14\/\",\"url\":\"https:\/\/rmgroup.es\/barcelona\/producto\/terre-nero-davola-organic-botella-750ml-14\/\",\"name\":\"Terre Nero d'Avola Organic Botella 750ml 14% - RMGroup Barcelona\",\"isPartOf\":{\"@id\":\"https:\/\/rmgroup.es\/barcelona\/#website\"},\"primaryImageOfPage\":{\"@id\":\"https:\/\/rmgroup.es\/barcelona\/producto\/terre-nero-davola-organic-botella-750ml-14\/#primaryimage\"},\"image\":{\"@id\":\"https:\/\/rmgroup.es\/barcelona\/producto\/terre-nero-davola-organic-botella-750ml-14\/#primaryimage\"},\"thumbnailUrl\":\"https:\/\/rmgroup.es\/barcelona\/wp-content\/uploads\/sites\/2\/2024\/07\/Terre-Nero-dAvola-Organic-Bot.6x750ml.png\",\"datePublished\":\"2025-03-25T08:46:52+00:00\",\"dateModified\":\"2026-04-01T14:37:55+00:00\",\"breadcrumb\":{\"@id\":\"https:\/\/rmgroup.es\/barcelona\/producto\/terre-nero-davola-organic-botella-750ml-14\/#breadcrumb\"},\"inLanguage\":\"es\",\"potentialAction\":[{\"@type\":\"ReadAction\",\"target\":[\"https:\/\/rmgroup.es\/barcelona\/producto\/terre-nero-davola-organic-botella-750ml-14\/\"]}]},{\"@type\":\"ImageObject\",\"inLanguage\":\"es\",\"@id\":\"https:\/\/rmgroup.es\/barcelona\/producto\/terre-nero-davola-organic-botella-750ml-14\/#primaryimage\",\"url\":\"https:\/\/rmgroup.es\/barcelona\/wp-content\/uploads\/sites\/2\/2024\/07\/Terre-Nero-dAvola-Organic-Bot.6x750ml.png\",\"contentUrl\":\"https:\/\/rmgroup.es\/barcelona\/wp-content\/uploads\/sites\/2\/2024\/07\/Terre-Nero-dAvola-Organic-Bot.6x750ml.png\",\"width\":850,\"height\":850},{\"@type\":\"BreadcrumbList\",\"@id\":\"https:\/\/rmgroup.es\/barcelona\/producto\/terre-nero-davola-organic-botella-750ml-14\/#breadcrumb\",\"itemListElement\":[{\"@type\":\"ListItem\",\"position\":1,\"name\":\"Portada\",\"item\":\"https:\/\/rmgroup.es\/barcelona\/\"},{\"@type\":\"ListItem\",\"position\":2,\"name\":\"Tienda\",\"item\":\"https:\/\/rmgroup.es\/barcelona\/tienda\/\"},{\"@type\":\"ListItem\",\"position\":3,\"name\":\"Terre Nero d&#8217;Avola Organic Botella 750ml 14%\"}]},{\"@type\":\"WebSite\",\"@id\":\"https:\/\/rmgroup.es\/barcelona\/#website\",\"url\":\"https:\/\/rmgroup.es\/barcelona\/\",\"name\":\"RMGroup Barcelona\",\"description\":\"Tienda online de bebidas para empresas y aut\u00f3nomos\",\"publisher\":{\"@id\":\"https:\/\/rmgroup.es\/barcelona\/#organization\"},\"potentialAction\":[{\"@type\":\"SearchAction\",\"target\":{\"@type\":\"EntryPoint\",\"urlTemplate\":\"https:\/\/rmgroup.es\/barcelona\/?s={search_term_string}\"},\"query-input\":{\"@type\":\"PropertyValueSpecification\",\"valueRequired\":true,\"valueName\":\"search_term_string\"}}],\"inLanguage\":\"es\"},{\"@type\":\"Organization\",\"@id\":\"https:\/\/rmgroup.es\/barcelona\/#organization\",\"name\":\"RMGroup Barcelona\",\"url\":\"https:\/\/rmgroup.es\/barcelona\/\",\"logo\":{\"@type\":\"ImageObject\",\"inLanguage\":\"es\",\"@id\":\"https:\/\/rmgroup.es\/barcelona\/#\/schema\/logo\/image\/\",\"url\":\"https:\/\/rmgroup.es\/barcelona\/wp-content\/uploads\/sites\/2\/2024\/06\/logo-rmgroup.svg\",\"contentUrl\":\"https:\/\/rmgroup.es\/barcelona\/wp-content\/uploads\/sites\/2\/2024\/06\/logo-rmgroup.svg\",\"width\":474,\"height\":79,\"caption\":\"RMGroup Barcelona\"},\"image\":{\"@id\":\"https:\/\/rmgroup.es\/barcelona\/#\/schema\/logo\/image\/\"}}]}<\/script>\n<!-- \/ Yoast SEO plugin. -->","yoast_head_json":{"title":"Terre Nero d'Avola Organic Botella 750ml 14% - RMGroup Barcelona","robots":{"index":"index","follow":"follow","max-snippet":"max-snippet:-1","max-image-preview":"max-image-preview:large","max-video-preview":"max-video-preview:-1"},"canonical":"https:\/\/rmgroup.es\/barcelona\/producto\/terre-nero-davola-organic-botella-750ml-14\/","og_locale":"es_ES","og_type":"article","og_title":"Terre Nero d'Avola Organic Botella 750ml 14% - RMGroup Barcelona","og_description":"Este vino tiene un intenso bouquet de frutas, como cerezas, ciruelas y grosellas negras. En boca es potente e intenso, agradable, con gran profundidad y...","og_url":"https:\/\/rmgroup.es\/barcelona\/producto\/terre-nero-davola-organic-botella-750ml-14\/","og_site_name":"RMGroup Barcelona","article_modified_time":"2026-04-01T14:37:55+00:00","og_image":[{"width":850,"height":850,"url":"https:\/\/rmgroup.es\/barcelona\/wp-content\/uploads\/sites\/2\/2024\/07\/Terre-Nero-dAvola-Organic-Bot.6x750ml.png","type":"image\/png"}],"twitter_card":"summary_large_image","twitter_misc":{"Tiempo de lectura":"1 minuto"},"schema":{"@context":"https:\/\/schema.org","@graph":[{"@type":"WebPage","@id":"https:\/\/rmgroup.es\/barcelona\/producto\/terre-nero-davola-organic-botella-750ml-14\/","url":"https:\/\/rmgroup.es\/barcelona\/producto\/terre-nero-davola-organic-botella-750ml-14\/","name":"Terre Nero d'Avola Organic Botella 750ml 14% - RMGroup Barcelona","isPartOf":{"@id":"https:\/\/rmgroup.es\/barcelona\/#website"},"primaryImageOfPage":{"@id":"https:\/\/rmgroup.es\/barcelona\/producto\/terre-nero-davola-organic-botella-750ml-14\/#primaryimage"},"image":{"@id":"https:\/\/rmgroup.es\/barcelona\/producto\/terre-nero-davola-organic-botella-750ml-14\/#primaryimage"},"thumbnailUrl":"https:\/\/rmgroup.es\/barcelona\/wp-content\/uploads\/sites\/2\/2024\/07\/Terre-Nero-dAvola-Organic-Bot.6x750ml.png","datePublished":"2025-03-25T08:46:52+00:00","dateModified":"2026-04-01T14:37:55+00:00","breadcrumb":{"@id":"https:\/\/rmgroup.es\/barcelona\/producto\/terre-nero-davola-organic-botella-750ml-14\/#breadcrumb"},"inLanguage":"es","potentialAction":[{"@type":"ReadAction","target":["https:\/\/rmgroup.es\/barcelona\/producto\/terre-nero-davola-organic-botella-750ml-14\/"]}]},{"@type":"ImageObject","inLanguage":"es","@id":"https:\/\/rmgroup.es\/barcelona\/producto\/terre-nero-davola-organic-botella-750ml-14\/#primaryimage","url":"https:\/\/rmgroup.es\/barcelona\/wp-content\/uploads\/sites\/2\/2024\/07\/Terre-Nero-dAvola-Organic-Bot.6x750ml.png","contentUrl":"https:\/\/rmgroup.es\/barcelona\/wp-content\/uploads\/sites\/2\/2024\/07\/Terre-Nero-dAvola-Organic-Bot.6x750ml.png","width":850,"height":850},{"@type":"BreadcrumbList","@id":"https:\/\/rmgroup.es\/barcelona\/producto\/terre-nero-davola-organic-botella-750ml-14\/#breadcrumb","itemListElement":[{"@type":"ListItem","position":1,"name":"Portada","item":"https:\/\/rmgroup.es\/barcelona\/"},{"@type":"ListItem","position":2,"name":"Tienda","item":"https:\/\/rmgroup.es\/barcelona\/tienda\/"},{"@type":"ListItem","position":3,"name":"Terre Nero d&#8217;Avola Organic Botella 750ml 14%"}]},{"@type":"WebSite","@id":"https:\/\/rmgroup.es\/barcelona\/#website","url":"https:\/\/rmgroup.es\/barcelona\/","name":"RMGroup Barcelona","description":"Tienda online de bebidas para empresas y aut\u00f3nomos","publisher":{"@id":"https:\/\/rmgroup.es\/barcelona\/#organization"},"potentialAction":[{"@type":"SearchAction","target":{"@type":"EntryPoint","urlTemplate":"https:\/\/rmgroup.es\/barcelona\/?s={search_term_string}"},"query-input":{"@type":"PropertyValueSpecification","valueRequired":true,"valueName":"search_term_string"}}],"inLanguage":"es"},{"@type":"Organization","@id":"https:\/\/rmgroup.es\/barcelona\/#organization","name":"RMGroup Barcelona","url":"https:\/\/rmgroup.es\/barcelona\/","logo":{"@type":"ImageObject","inLanguage":"es","@id":"https:\/\/rmgroup.es\/barcelona\/#\/schema\/logo\/image\/","url":"https:\/\/rmgroup.es\/barcelona\/wp-content\/uploads\/sites\/2\/2024\/06\/logo-rmgroup.svg","contentUrl":"https:\/\/rmgroup.es\/barcelona\/wp-content\/uploads\/sites\/2\/2024\/06\/logo-rmgroup.svg","width":474,"height":79,"caption":"RMGroup Barcelona"},"image":{"@id":"https:\/\/rmgroup.es\/barcelona\/#\/schema\/logo\/image\/"}}]}},"_links":{"self":[{"href":"https:\/\/rmgroup.es\/barcelona\/wp-json\/wp\/v2\/product\/8965","targetHints":{"allow":["GET"]}}],"collection":[{"href":"https:\/\/rmgroup.es\/barcelona\/wp-json\/wp\/v2\/product"}],"about":[{"href":"https:\/\/rmgroup.es\/barcelona\/wp-json\/wp\/v2\/types\/product"}],"replies":[{"embeddable":true,"href":"https:\/\/rmgroup.es\/barcelona\/wp-json\/wp\/v2\/comments?post=8965"}],"version-history":[{"count":1,"href":"https:\/\/rmgroup.es\/barcelona\/wp-json\/wp\/v2\/product\/8965\/revisions"}],"predecessor-version":[{"id":9644,"href":"https:\/\/rmgroup.es\/barcelona\/wp-json\/wp\/v2\/product\/8965\/revisions\/9644"}],"wp:featuredmedia":[{"embeddable":true,"href":"https:\/\/rmgroup.es\/barcelona\/wp-json\/wp\/v2\/media\/3336"}],"wp:attachment":[{"href":"https:\/\/rmgroup.es\/barcelona\/wp-json\/wp\/v2\/media?parent=8965"}],"wp:term":[{"taxonomy":"brand","embeddable":true,"href":"https:\/\/rmgroup.es\/barcelona\/wp-json\/wp\/v2\/etheme_brands?post=8965"},{"taxonomy":"product_brand","embeddable":true,"href":"https:\/\/rmgroup.es\/barcelona\/wp-json\/wp\/v2\/product_brand?post=8965"},{"taxonomy":"product_cat","embeddable":true,"href":"https:\/\/rmgroup.es\/barcelona\/wp-json\/wp\/v2\/product_cat?post=8965"},{"taxonomy":"product_tag","embeddable":true,"href":"https:\/\/rmgroup.es\/barcelona\/wp-json\/wp\/v2\/product_tag?post=8965"}],"curies":[{"name":"wp","href":"https:\/\/api.w.org\/{rel}","templated":true}]}}